hen c is divided by z?
5
Suppose -3*t + i + 203 = 0, 3*i = -4*t + 360 - 98. Calculate the remainder when t is divided by 23.
21
Let u(o) = -3*o**3 - 13*o**2 + 5*o - 22. Let z(b) = b**3 + 7*b**2 - 2*b + 11. Let t(c) = 2*u(c) + 5*z(c). What is the remainder when 42 is divided by t(9)?
9
Let b = 109 + -65. Calculate the remainder when b is divided by 16.
12
Let o be (-4)/((1 + -2)/8). Suppose u = a + o, -53 = -2*u - 4*a - 7. Let t = 17 - 9. Calculate the remainder when u is divided by t.
5
Let u = 2 - 1. Let j be (-6)/(-3) + (u - 3). Suppose -5*q - 5*v = j, -2*v + 16 = 5*q - 5*v. What is the remainder when 4 is divided by q?
0
Let n(x) = -5*x + 5. Let q be n(2). Let o(f) = -3*f + 7. Suppose i = 2*h - 22, -4*h = 4*i - 55 - 1. What is the remainder when o(q) is divided by h?
10
Let h = 47 + -32. Let a be 243/h + (-2)/10. Calculate the remainder when a/6*3/2 is divided by 3.
1
Let n(p) = p + 5. Calculate the remainder when 41 is divided by n(6).
8
Let n = 100 + -68. Let s = 79 - 111. Let x = -21 - s. What is the remainder when n is divided by x?
10
Suppose -1 = -4*j + 31. Suppose 0 = -5*h + j + 12. What is the remainder when 6 is divided by h?
2
Let r = 77 + -34. Calculate the remainder when 127 is divided by r.
41
Suppose 3*w + 6 = -3*b, 5*b - w = 18 + 2. Calculate the remainder when 5 is divided by b.
2
Let y = 236 - 164. Suppose -2*u + 53 = 3*i, 4*u - 73 = u + 2*i. What is the remainder when y is divided by u?
22
Let d(l) = 5*l**2 - 3*l + 4. Calculate the remainder when d(2) is divided by 7.
4
Suppose 190 = 10*h - 160. Suppose -32 - 25 = -3*k. What is the remainder when h is divided by k?
16
Let z = -42 + 7. Let h = z - -52. What is the remainder when 49 is divided by h?
15
Let t(g) = -3*g**2 + 19*g - 3. Let u(f) = 3*f**2 + 2*f - 3. Calculate the remainder when u(2) is divided by t(6).
1
What is the remainder when 106 + 0 - 16/(-16) is divided by 36?
35
Let o(f) = f - 4. Let v be o(8). Suppose 5*d = -3*y + 31, -9 = -y + 2*d - v*d. Calculate the remainder when 65 is divided by y.
14
Suppose 3*l + 9 = 6*l. Suppose l*d - o - 51 = -2*o, -d = -4*o - 30. Calculate the remainder when 51 is divided by d.
15
Let b(j) = -j**2 - 7*j. Calculate the remainder when 29 is divided by b(-5).
9
Suppose -3*v = -0*v - 18. What is the remainder when ((-2)/v)/((-5)/45) is divided by 3?
0
What is the remainder when 20 + 0 + (3 - -1) is divided by 8?
0
Suppose -3*o + 22 = -4*w, 0*o + 3*o + 4*w = 38. Suppose -10*f + 33 = -17. What is the remainder when o + 0 - (-2)/(-2) is divided by f?
4
Let d(f) = -2*f + 1. Let c(i) = i**3 - 4*i**2 - 5*i - 6. Let q = 15 - 10. Let v be c(q). Calculate the remainder when d(v) is divided by 7.
6
Let u = 125 + -34. Calculate the remainder when u is divided by 23.
22
Let l be -5*69*2/(-10). Let i = l - 26. Calculate the remainder when i is divided by 23.
20
Let j = -48 + 95. What is the remainder when j is divided by 8?
7
Let h(f) = 3*f + 4. What is the remainder when 3/(-1)*1*-3 is divided by h(0)?
1
Let q be 2 + 3/3*19. Suppose -30 = -3*s + q. Suppose 51 = 5*y + 2*n + 16, 2*y + 4*n = -2. Calculate the remainder when s is divided by y.
8
Let y(t) = t**3 - 4*t**2 + 2. Let r be y(4). Let g = 1 - r. What is the remainder when (0 + -28)/(-2 - g) is divided by 10?
8
Let p(h) = h**3 - 8*h**2 + 7*h + 4. Suppose 20 = 5*j - 15. What is the remainder when 10 is divided by p(j)?
2
Suppose 0 = 5*j + 5*i - 165, 0 = -2*j - i - 0*i + 63. What is the remainder when 89 is divided by j?
29
Suppose -36 = -5*b + 39. Let v = -38 - -66. Calculate the remainder when v is divided by b.
13
Suppose 4*k - 3*k - 4*x - 13 = 0, 4*x + 3 = -k. Let o be (-2 + -2 + 2)*4. Let q = k - o. Calculate the remainder when q is divided by 7.
6
Suppose 14 = 14*m - 210. Calculate the remainder when m is divided by 11.
5
Suppose 8*q - 180 = 4*q. What is the remainder when q is divided by 16?
13
Suppose 5*f - 381 + 126 = 0. What is the remainder when f is divided by 28?
23
Let o(h) = -6*h**3 - h**2 - 1. What is the remainder when o(-2) is divided by 15?
13
Suppose p = -p + 70. Let y = p + -23. What is the remainder when 44 is divided by y?
8
Let j(p) = -p + 10. Calculate the remainder when 19 is divided by j(5).
4
Let g(v) = -v**3 - 32*v**2 + v + 42. Calculate the remainder when 34 is divided by g(-32).
4
Calculate the remainder when (-80 + -1)*(0 + -1) is divided by (-3 - -6)*(8 - 1).
18
Suppose -10 = -j + 11. What is the remainder when 82 is divided by j?
19
Suppose -6*t = -402 - 384. What is the remainder when t is divided by 34?
29
Suppose -18 = -5*l + 2. Let q = 23 - l. Let u(b) = -2*b**3 + b + 4. What is the remainder when u(-3) is divided by q?
17
What is the remainder when (-9)/((-27)/112)*(1 - -2) is divided by 39?
34
Let q(k) = -2*k + 15. Calculate the remainder when 122 is divided by q(-8).
29
Suppose 0 = 3*q - 3*m - 5 - 4, -4*q = 3*m - 19. Let a(r) = -9*r + 2. Let y be a(-2). Let d = y - 13. Calculate the remainder when d is divided by q.
3
Let h(n) = -6*n**3 - 3*n**2 - 2*n. Let b(l) = l**3 + 16*l**2 + 21. What is the remainder when h(-2) is divided by b(-16)?
19
Let y = 0 - -1. Suppose -h - 4*l - y - 1 = 0, 4*l + 32 = 4*h. What is the remainder when 22/(0 - -1 - -1) is divided by h?
5
Let h = 34 + -77. Let c = h - -25. What is the remainder when 34 is divided by (-60)/c*(-18)/(-5)?
10
Let f(n) = n + 5. Calculate the remainder when 123 is divided by f(13).
15
Let r = 1 + 4. Suppose 11 = -r*i + 36. What is the remainder when 17 is divided by i?
2
Let i(j) = -j + 1. Let o(m) = m - 3. Let w be o(5). Suppose -4 = -s + h, -s + w = -4*s - 4*h. What is the remainder when i(-4) is divided by s?
1
Suppose 5*g = 35 + 230. Calculate the remainder when g is divided by 14.
11
Let d = 3 - 0. Suppose -d*g = 2*g - 365. What is the remainder when g is divided by 19?
16
What is the remainder when 4 is divided by (-180)/(-42) - (-6)/(-21)?
0
Let c = 8 + -9. Calculate the remainder when 5 is divided by (-8)/(-2) - 0/c.
1
Let w(k) = -23*k - 4. Suppose 3*h - 1 - 1 = -5*u, 3*h = 12. What is the remainder when w(u) is divided by 9?
6
Suppose 4*k - 64 = 5*w - w, 2*k - 36 = 4*w. Calculate the remainder when (11 - k)/(3/(-25)) is divided by 14.
11
Let t(w) be the first derivative of w**3/3 + 2*w + 1. What is the remainder when 53 is divided by t(4)?
17
Suppose -b - 3 = 0, -4*s - b = -2*b - 123. Suppose -r - 2*r - 3*a + s = 0, -2*r - a + 24 = 0. Let z = r + 11. What is the remainder when z is divided by 14?
11
Let g(f) = -f**3 + 3*f**2 - 3. Let p = -5 + 8. Let k be g(p). Let n = 16 + k. Calculate the remainder when 38 is divided by n.
12
Let j(k) = k**3 + 2*k**2 - 2*k - 2. What is the remainder when j(4) is divided by 22?
20
Let k = 7 + -4. Suppose 0 = -5*i - 3*w - 18, w - 22 = k*i - 0*w. Let x = 10 + i. Calculate the remainder when 6 is divided by x.
2
Let h = -133 + 194. Calculate the remainder when h is divided by 16.
13
Let r(q) be the third derivative of 7*q**5/60 + 7*q**4/24 - q**3/3 - 8*q**2. Calculate the remainder when r(-5) is divided by 35.
33
Suppose -4*k = 5*y + 178, 4*y + 168 = -y + k. Suppose 4*p = t + 228, 0*p - 4*t + 264 = 5*p. Let d = y + p. What is the remainder when d is divided by 8?
6
Suppose 0 = 4*m + 3*z - 65, 70 = 2*m + m - 2*z. Suppose -5*d = -m - 10. Suppose 0 = -0*n - 4*n + 88. Calculate the remainder when n is divided by d.
4
What is the remainder when 1/3 + 2080/24 is divided by 18?
15
Let w(q) = -q**3 + 9*q**2. Let d be w(9). Calculate the remainder when 29 + 2 + 0 + d is divided by 17.
14
Suppose -w - 5 = -4*c, 4*w - 6*w = 5*c - 29. Suppose 2*i - 2 - 6 = 0. What is the remainder when w is divided by i?
3
Suppose 2*f = 13 - 3. Calculate the remainder when 12 is divided by f.
2
Let i = 76 - 51. What is the remainder when 44 is divided by i?
19
Let w(d) = 11*d - 4. What is the remainder when w(3) is divided by 87/6 - 1/(-2)?
14
Let n = -5 - -8. Calculate the remainder when 31 is divided by 11 + (0/3)/n.
9
Let w(s) = 2*s**2 - 3*s - 2. Let t be w(3). Let p(m) = -4*m**2 + 3*m**2 + 0 - 10 + 10*m. Calculate the remainder when 31 is divided by p(t).
9
Let j = 92 + -42. Calculate the remainder when j is divided by 17.
16
Suppose -3 = 5*m + 7. Let n be ((-3)/m)/((-15)/(-500)). Let c = n - 30. What is the remainder when c is divided by 11?
9
Suppose h - 180 = -4*c, 0 = -h + 2*